.
2, 191, 719
List the prime factors of 447022.
2, 397, 563
List the prime factors of 67133.
11, 17, 359
List the prime factors of 480050.
2, 5, 9601
What are the prime factors of 1141934?
2, 570967
What are the prime factors of 15718344?
2, 3, 654931
What are the prime factors of 1896931?
113, 16787
List the prime factors of 22456.
2, 7, 401
What are the prime factors of 8151641?
149, 54709
List the prime factors of 2594295.
3, 5, 11, 1747
What are the prime factors of 419161?
419161
List the prime factors of 472291.
233, 2027
What are the prime factors of 548425?
5, 21937
What are the prime factors of 663355?
5, 7, 11, 1723
What are the prime factors of 4397197?
7, 628171
What are the prime factors of 968075?
5, 38723
What are the prime factors of 6696639?
3, 744071
What are the prime factors of 174092?
2, 71, 613
What are the prime factors of 8468812?
2, 11, 29, 6637
List the prime factors of 4625140.
2, 5, 13, 17789
What are the prime factors of 183665?
5, 109, 337
What are the prime factors of 193316?
2, 31, 1559
List the prime factors of 367501.
367501
List the prime factors of 211411.
163, 1297
What are the prime factors of 733253?
283, 2591
What are the prime factors of 163124?
2, 13, 3137
What are the prime factors of 26606831?
5023, 5297
What are the prime factors of 613720?
2, 5, 67, 229
List the prime factors of 442701.
3, 7, 7027
What are the prime factors of 504036?
2, 3, 13, 359
What are the prime factors of 278738?
2, 139369
List the prime factors of 1174974.
2, 3, 113, 1733
List the prime factors of 23644680.
2, 3, 5, 103, 1913
What are the prime factors of 7980543?
3, 103, 8609
What are the prime factors of 792305?
5, 211, 751
What are the prime factors of 22522696?
2, 7, 89, 4519
List the prime factors of 10266175.
5, 19, 21613
List the prime factors of 283644.
2, 3, 7879
List the prime factors of 8854958.
2, 7, 632497
What are the prime factors of 32665964?
2, 71, 115021
List the prime factors of 1012479.
3, 13, 1997
List the prime factors of 801200.
2, 5, 2003
What are the prime factors of 1377228?
2, 3, 114769
What are the prime factors of 6089168?
2, 431, 883
What are the prime factors of 670009?
613, 1093
What are the prime factors of 538593?
3, 11, 19, 859
What are the prime factors of 2932729?
43, 241, 283
What are the prime factors of 2924487?
3, 53, 6131
List the prime factors of 2767381.
239, 11579
What are the prime factors of 86126?
2, 43063
List the prime factors of 13589274.
2, 3, 23, 98473
What are the prime factors of 41471931?
3, 37, 373621
What are the prime factors of 959319?
3, 106591
List the prime factors of 40723438.
2, 7, 2908817
List the prime factors of 22541922.
2, 3, 13, 163, 197
What are the prime factors of 4237495?
5, 847499
What are the prime factors of 296074?
2, 37, 4001
What are the prime factors of 115924?
2, 73, 397
List the prime factors of 504437.
353, 1429
List the prime factors of 1148804.
2, 23, 12487
What are the prime factors of 23013023?
11, 2092093
List the prime factors of 314670.
2, 3, 5, 17, 617
What are the prime factors of 156919?
7, 29, 773
What are the prime factors of 364136?
2, 23, 1979
List the prime factors of 4273182.
2, 3, 79133
List the prime factors of 5798903.
11, 527173
What are the prime factors of 9609035?
5, 59, 32573
List the prime factors of 22483237.
7, 3211891
What are the prime factors of 364580?
2, 5, 18229
What are the prime factors of 563244?
2, 3, 11, 17, 251
List the prime factors of 779309.
23, 31, 1093
What are the prime factors of 7434033?
3, 2478011
List the prime factors of 1427672.
2, 47, 3797
What are the prime factors of 8489766?
2, 3, 17, 83233
What are the prime factors of 871867?
871867
What are the prime factors of 1381007?
853, 1619
List the prime factors of 380469.
3, 126823
List the prime factors of 57428.
2, 7, 293
List the prime factors of 390966.
2, 3, 17, 3833
List the prime factors of 59246.
2, 11, 2693
List the prime factors of 2665642.
2, 7, 190403
What are the prime factors of 1435019?
149, 9631
What are the prime factors of 1327867?
41, 139, 233
List the prime factors of 6600735.
3, 5, 146683
List the prime factors of 1576178.
2, 788089
What are the prime factors of 10019263?
10019263
What are the prime factors of 1417807?
1417807
List the prime factors of 1461163.
11, 132833
What are the prime factors of 215730?
2, 3, 5, 17, 47
List the prime factors of 221296.
2, 13831
List the prime factors of 697460.
2, 5, 43, 811
What are the prime factors of 29816050?
2, 5, 11, 23, 2357
List the prime factors of 575206.
2, 19, 15137
What are the prime factors of 628646?
2, 523, 601
List the prime factors of 3964308.
2, 3, 330359
What are the prime factors of 135840?
2, 3, 5, 283
What are the prime factors of 38527?
59, 653
What are the prime factors of 2508134?
2, 41, 73, 419
What are the prime factors of 3191968?
2, 13, 7673
List the prime factors of 196852.
2, 29, 1697
List the prime factors of 285990.
2, 3, 5, 9533
What are the prime factors of 36209?
36209
List the prime factors of 7810238.
2, 3905119
List the prime factors of 332538.
2, 3, 19, 2917
List the prime factors of 222019.
7, 23, 197
What are the prime factors of 108743?
37, 2939
What are the prime factors of 2139649?
29, 89, 829
What are the prime factors of 2384815?
5, 29, 16447
What are the prime factors of 918447?
3, 306149
What are the prime factors of 3360770?
2, 5, 7, 41, 1171
List the prime factors of 10610941.
11, 17, 179, 317
List the prime factors of 20533544.
2, 1549, 1657
What are the prime factors of 6664740?
2, 3, 5, 113, 983
What are the prime factors of 12307571?
29, 389, 1091
List the prime factors of 7844.
2, 37, 53
What are the prime factors of 1044201?
3, 131, 2657
What are the prime factors of 4732065?
3, 5, 13, 8089
What are the prime factors of 4811331?
3, 7, 197, 1163
What are the prime factors of 2814707?
7, 17, 31, 109
What are the prime factors of 194759?
59, 3301
List the prime factors of 185040.
2, 3, 5, 257
What are the prime factors of 641832?
2, 3, 47, 569
List the prime factors of 3018247.
137, 22031
List the prime factors of 156830.
2, 5, 15683
What are the prime factors of 7094074?
2, 13, 23, 11863
List the prime factors of 940731.
3, 11, 29, 983
What are the prime factors of 4475931?
3, 1491977
List the prime factors of 1214334.
2, 3, 11, 6133
What are the prime factors of 19462134?
2, 3, 401, 8089
What are the prime factors of 5478943?
367, 14929
List the prime factors of 1503862.
2, 283, 2657
What are the prime factors of 6384257?
11, 349, 1663
List the prime factors of 179364.
2, 3, 14947
What are the prime factors of 5403917?
5403917
What are the prime factors of 4017211?
11, 365201
What are the prime factors of 7335724?
2, 11, 29, 5749
What are the prime factors of 1668285?
3, 5, 131, 283
List the prime factors of 155007.
3, 5741
List the prime factors of 3430121.
109, 31469
What are the prime factors of 369319?
369319
What are the prime factors of 803511?
3, 73, 1223
What are the prime factors of 13552356?
2, 3, 47, 24029
List the prime factors of 2824671.
3, 941557
List the prime factors of 3261051.
3, 362339
List the prime factors of 45110.
2, 5, 13, 347
List the prime factors of 3840826.
2, 11, 174583
What are the prime factors of 4702235?
5, 23, 31, 1319
List the prime factors of 1863653.
11, 19, 37, 241
What are the prime factors of 6333293?
6333293
List the prime factors of 3023311.
1609, 1879
List the prime factors of 952889.
7, 197, 691
What are the prime factors of 368440?
2, 5, 61, 151
List the prime factors of 808361.
808361
List the prime factors of 3144842.
2, 19, 82759
List the prime factors of 892624.
2, 47, 1187
What are the prime factors of 6305232?
2, 3, 17, 7727
What are the prime factors of 768920?
2, 5, 47, 409
List the prime factors of 224350.
2, 5, 7, 641
What are the prime factors of 687389?
687389
List the prime factors of 720718.
2, 173, 2083
List the prime factors of 7032045.
3, 5, 468803
List the prime factors of 423009.
3, 15667
What are the prime factors of 23859433?
13, 233, 7877
List the prime factors of 250658.
2, 125329
What are the prime factors of 405805?
5, 277, 293
List the prime factors of 66770.
2, 5, 11, 607
List the prime factors of 190465.
5, 11, 3463
List the prime factors of 7277718